1
Let c(h) = -23*h**2 + 20194*h + 20228. Calculate c(-1).
11
Let r(v) = -68*v**2 - 3768*v - 11300. Calculate r(-3).
-608
Let a(f) = 3*f**3 - 19*f**2 + 30*f + 7. Determine a(3).
7
Let q(s) = -2278*s + 13978. Calculate q(6).
310
Let c(x) = x**3 - 51*x**2 + 545*x - 27. Determine c(15).
48
Let l(a) = 2*a**3 - 24*a**2 + 1045*a - 5837. Determine l(6).
1
Let o(f) = 603*f - 4767. Give o(8).
57
Let c(v) = -2*v**2 + 28*v + 50. Calculate c(15).
20
Let c(o) = 34*o**2 + 3066*o + 11727. Give c(-4).
7
Let s(i) = 76979*i - 385123. Determine s(5).
-228
Let z(x) = -4986*x - 17425. Give z(-3).
-2467
Let j(m) = -384*m - 4938. What is j(-13)?
54
Let j(i) = 5815*i - 46537. What is j(8)?
-17
Let k(g) = -947*g + 1713. What is k(-1)?
2660
Let d(s) = 140*s**2 + 145*s + 42. What is d(-1)?
37
Let k(w) = w**2 - 591*w + 17360. Give k(31).
0
Let r(i) = i**3 - 73*i**2 - 3415*i - 1754. Determine r(-32).
6
Let j(m) = m**3 - 18*m**2 + 11*m + 186. What is j(17)?
84
Let p(z) = -z**2 + 397*z - 32155. Calculate p(113).
-63
Let f(b) = 92*b**2 - 6*b - 15. What is f(5)?
2255
Let i(d) = -7*d**3 - 337*d**2 + 1382*d + 68637. Give i(-48).
-3
Let q(r) = -103*r - 1881. What is q(-35)?
1724
Let n(a) = -a**3 + 130*a**2 - 873*a + 93. Give n(7).
9
Let u(f) = -2*f**2 + 587*f + 12422. What is u(-20)?
-118
Let p(i) = 729*i + 22875. Determine p(-31).
276
Let x(z) = -621*z + 37860. Calculate x(61).
-21
Let j(d) = 12*d**3 + 8*d**2 - 1292*d + 3866. Give j(3).
386
Let b(a) = -2574*a - 321750. What is b(-125)?
0
Let k(z) = 1955*z + 1590. Calculate k(-1).
-365
Let b(k) = -263*k + 50691. Determine b(188).
1247
Let i(m) = 34*m**2 + 3031*m + 169. Calculate i(-89).
-276
Let d(p) = 61*p**2 + 538*p - 539. Give d(1).
60
Let c(u) = -33*u**2 - 440*u + 129. Give c(-14).
-179
Let f(i) = 2*i**3 + 211*i**2 - 85*i + 732. Determine f(-106).
-1494
Let z(c) = 7*c**3 + 30*c**2 + 7*c - 451. Give z(-6).
-925
Let c(m) = m**3 - 311*m**2 + 6355*m + 62. Determine c(22).
-4
Let w(n) = -5763*n + 1705695. Calculate w(296).
-153
Let s(m) = m**3 + 81*m**2 + 880*m - 27816. Give s(-57).
0
Let r(v) = 54*v**2 + 37*v - 357. Give r(7).
2548
Let p(g) = 1574*g - 9887. Give p(5).
-2017
Let v(m) = 2*m**3 - 404*m**2 + 8020*m - 14805. Determine v(20).
-5
Let r(k) = 8*k**3 - 825*k**2 + 128*k - 2475. What is r(103)?
100
Let r(y) = 5*y**2 + 1574*y - 1255. Calculate r(-316).
641
Let m(s) = -s**2 + 70*s + 20274. What is m(182)?
-110
Let i(h) = 304*h + 78996. Calculate i(-260).
-44
Let f(h) = 8*h**2 - 1213*h + 21033. What is f(17)?
2724
Let k(x) = 3*x**2 - 162*x + 2273. Give k(27).
86
Let o(x) = x**3 + 20*x**2 + 132*x + 3788. Give o(-23).
-835
Let p(n) = 1531*n - 600141. Determine p(392).
11
Let a(n) = -2527*n + 305790. What is a(121)?
23
Let v(t) = 4*t**2 - 2336*t - 137802. Determine v(-54).
6
Let r(u) = 4548*u - 186232. Give r(41).
236
Let o(r) = -r**3 + 30*r**2 + 3631*r - 923. Give o(77).
1
Let i(w) = -w**3 + 616*w**2 - 1091*w + 292750. Determine i(615).
10
Let d(m) = 2*m**3 - 40*m**2 + 216*m - 330. What is d(12)?
-42
Let x(g) = 86*g**2 + 13*g + 8. Give x(1).
107
Let f(v) = 2158*v + 36620. Give f(-17).
-66
Let d(p) = -5*p**3 + 89*p**2 - 72*p + 500. Calculate d(19).
-3034
Let u(q) = 467*q + 9436. Determine u(-20).
96
Let x(m) = 74116*m + 370557. Give x(-5).
-23
Let z(r) = r**3 + 219*r**2 + 5337*r - 2080. Give z(-191).
21
Let p(t) = 4*t**2 - 16081*t - 48275. Give p(-3).
4
Let t(d) = 16914*d + 4346907. Give t(-257).
9
Let s(v) = v**3 - 6*v**2 - 279*v - 87. What is s(-14)?
-101
Let v(r) = -2268238*r + 11341186. Determine v(5).
-4
Let g(d) = d**3 - 17*d**2 + 48*d + 90. Determine g(18).
1278
Let p(o) = -393*o + 5487. Give p(13).
378
Let t(w) = 2348*w + 42535. Determine t(-18).
271
Let f(r) = 26211*r - 314606. Calculate f(12).
-74
Let i(l) = l**3 + 286*l**2 + 319*l + 9492. Calculate i(-285).
-198
Let k(r) = -r**3 + 366*r**2 - 1416*r - 11582. Calculate k(362).
2
Let c(o) = -28416*o - 511511. What is c(-18)?
-23
Let t(f) = 81839*f**2 - 1391265*f + 29. Give t(17).
-5
Let i(a) = -1988*a + 5944. Calculate i(3).
-20
Let r(z) = -433*z + 48929. Calculate r(113).
0
Let u(k) = -2*k**2 - 4545*k + 9269029. Determine u(1298).
11
Let j(d) = -52*d + 6433. Give j(118).
297
Let w(v) = 3*v**3 - 2488*v**2 + 3354*v - 34735. Give w(828).
41
Let t(n) = -7*n**3 - 16*n**2 - 35*n + 35. What is t(-3)?
185
Let l(d) = 6308*d + 258713. Give l(-41).
85
Let x(v) = -6*v**2 + 1948*v - 81966. Calculate x(275).
-16
Let r(m) = 5394*m + 965541. Give r(-179).
15
Let i(h) = 17*h**3 + 128*h**2 - 84*h - 172. What is i(-8)?
-12
Let w(c) = c**3 - 22*c**2 + 34*c - 124. Give w(21).
149
Let c(l) = 3*l**2 + 105*l + 104. Determine c(-35).
104
Let d(p) = p**3 - 2*p**2 - 80*p + 36. What is d(-6)?
228
Let u(n) = -1895*n + 36765. Calculate u(20).
-1135
Let f(g) = -1098*g - 5170. Calculate f(-5).
320
Let a(y) = y**3 + 296*y**2 + 2304*y + 37. Calculate a(-288).
37
Let o(f) = -f**2 - 232*f - 6157. Calculate o(-38).
1215
Let v(w) = -2*w**2 + 104*w - 1516. What is v(39)?
-502
Let l(s) = s**3 - 693*s**2 - 102249*s + 126. Give l(-125).
1
Let p(a) = -3039*a + 18333. Calculate p(6).
99
Let u(y) = y**3 + 350*y**2 - 92573*y - 535. What is u(176)?
-7
Let d(m) = -m**2 + 135*m - 312. Give d(112).
2264
Let a(b) = 134*b**2 + 21*b - 59. Give a(2).
519
Let y(t) = 1065*t - 5348. Give y(5).
-23
Let x(v) = 2*v**2 - 177*v + 3682. What is x(35)?
-63
Let o(t) = 7282*t + 120852. What is o(-17)?
-2942
Let q(h) = -2*h**2 + 638330*h + 638332. Determine q(-1).
0
Let q(c) = 1661*c - 23870. What is q(15)?
1045
Let x(d) = 20878*d - 41753. What is x(2)?
3
Let n(h) = -h**2 - 192*h + 13493. What is n(61)?
-1940
Let v(g) = g**3 - 39*g**2 - 1515*g + 58758. What is v(41)?
5
Let h(v) = 604456*v - 25991614. What is h(43)?
-6
Let o(v) = 209*v**2 + 1883*v + 29. What is o(-9)?
11
Let a(v) = v**3 + 684*v**2 + 96799*v - 194. Give a(-200).
6
Let b(n) = n**2 - 110*n - 1361. Calculate b(-11).
-30
Let n(q) = 63*q**3 + 5228*q**2 - 86*q - 243. Give n(-83).
6
Let w(y) = y**2 - 4433*y + 313992. Determine w(72).
0
Let d(s) = -64*s**2 + 423*s + 51. Determine d(7).
-124
Let b(j) = -29*j**2 - 291*j + 515. What is b(3)?
-619
Let h(t) = 8012431*t**2 - 24037295*t + 3. Determine h(3).
-3
Let s(c) = -c**2 - 36058*c - 648728. Calculate s(-18).
-8
Let m(y) = 4*y**3 - 212*y**2 + 122*y - 4848. Give m(53).
1618
Let p(w) = 72937*w - 218795. Calculate p(3).
16
Let j(b) = -4*b**3 + 95*b**2 - 39*b + 1422. Calculate j(24).
-90
Let r(h) = -7*h**3 + 554*h**2 - 90*h + 845. Determine r(79).
-24
Let g(m) = -23*m**2 + 1560*m + 12369. Give g(75).
-6
Let g(j) = 135*j + 7851. Give g(-62).
-519
Let h(c) = 12263*c + 86440. Calculate h(-7).
599
Let i(t) = t**3 - 32*t**2 - 1804*t + 60331. Give i(35).
866
Let q(f) = -30842*f**2 - 801889*f + 55. Determine q(-26).
-23
Let w(z) = -13*z**3 + 307*z**2 + 724*z + 2142. Calculate w(26).
10
Let a(k) = -3*k**3 - 134*k**2 + 873*k - 23. Give a(6).
-257
Let l(v) = -2*v**2 - 19150*v + 1001374. Calculate l(52).
166
Let a(p) = 40*p**2 - 228*p + 2478. What is a(10)?
4198
Let j(h) = 2*h**3 + 41*h**2 + 171*h + 346. Calculate j(-19).
-1820
Let x(q) = -q**2 - 81*q + 7587. What is x(54)?
297
Let l(z) = -9770*z - 69603. Determine l(-7).
-1213
Let p(q) = 13*q**3 - 17*q**2 + 83*q - 57. What is p(1)?
22
Let o(m) = 2058462*m - 14409229. Determine o(7).
5
Let w(o) = 7*o**3 - 111*o**2 + 999*o - 16246. Determine w(16).
-6
Let t(g) = -19*g - 313. What is t(77)?
-1776
Let l(o) = -2379*o**2 + 33329*o - 372. Give l(14).
-50
Let f(i) = 129*i + 5034. Give f(-41).
-255
Let l(u) = 9792601*u + 88133411. Give l(-9).
2
Let o(a) = -a**3 + 212*a**2 - 435*a + 2776. Calculate o(210).
-374
Let j(v) = 669*v**2 - 27808*v + 15528. Calculate j(41).
-11
Let a(d) = d**3 + 273*d**2 - 1675*d - 278. Calculate a(-279).
1
Let y(t) = t**3 + 7*t**2 - 57*t + 86. Determine y(-14).
-488
Let p(t) = -t**3 + 91*t**2 + 4943*t + 1555. What is p(-38)?
-3
Let s(u) = -778*u + 872911. What is s(1122)?
-5
Let x(q) = -2*q**2 - 5544*q + 55609. Give x(10).
-31
Let x(z) = -2*z**3 - 90*z**2 - 245*z - 11010. Give x(-45).
15
Let o(r) = 62*r - 4066. Calculate o(41).
-1524
Let f(w) = -180*w**2 - 547*w + 3. Calculate f(-3).
24
Let o(c) = 2*c**3 + 90*c**2 - 145*c - 2236. What is o(-46)?
202
Let q(l) = 68*l - 8478. Determine q(138).
906
Let s(z) = -195*z**2 + 65*z + 10. Give s(-1).
-250
Let r(f) = 177*f + 1560. Calcu